


{"id":4019,"date":"2018-01-11T12:53:02","date_gmt":"2018-01-11T11:53:02","guid":{"rendered":"https:\/\/www.u-nite.be\/uber-uns\/"},"modified":"2019-05-17T21:18:05","modified_gmt":"2019-05-17T19:18:05","slug":"uber-uns","status":"publish","type":"page","link":"https:\/\/www.u-nite.be\/de\/uber-uns\/","title":{"rendered":"\u00dcber uns"},"content":{"rendered":"<div class=\"wpb-content-wrapper\">[mk_page_section layout_structure=&#8220;half_left&#8220; bg_image=&#8220;https:\/\/www.u-nite.be\/wordpress\/wp-content\/uploads\/2018\/02\/unite-6.jpg&#8220; bg_stretch=&#8220;true&#8220; full_width=&#8220;true&#8220; padding_top=&#8220;100&#8243; padding_bottom=&#8220;100&#8243;][vc_column][mk_fancy_title size=&#8220;24&#8243; font_family=&#8220;none&#8220;]Vision[\/mk_fancy_title][vc_column_text css=&#8220;.vc_custom_1548933617513{margin-bottom: 0px !important;}&#8220;]<strong>Vision<\/strong><\/p>\n<p>Das wichtigste Ziel dieser Veranstaltung ist, Menschen aus den verschiedenen Sprachregionen Belgiens f\u00fcr ein Wochenende voller Einheit und Kreativit\u00e4t zusammenzubringen.<\/p>\n<p><strong>EINHEIT <\/strong><i>(synonyme: Eintracht, Harmonie, Identit\u00e4t, Solidarit\u00e4t)<\/i><\/p>\n<p>Dies ist ein viert\u00e4giges Event, bei dem Menschen aus ganz Belgien und dar\u00fcber hinaus zusammenkommen, um zu campen, zu essen, zu tanzen, Workshops zu besuchen, zu feiern und eine gute Zeit zusammen zu haben.<\/p>\n<p><strong>KREATIVIT\u00c4T <\/strong><i>(Synonyme: Vorstellungskraft, Inspiration, Originalit\u00e4t)<\/i><\/p>\n<p>Wir m\u00f6chten Raum geben f\u00fcr jede Art von k\u00fcnstlerischer Ausdrucksweise und dass jeder die Veranstaltung aktiv mitgestalten kann. Wir bieten verschiedene Workshops an, in denen Talente entdeckt und verbessert werden k\u00f6nnen.<\/p>\n<p><strong>INKLUSIVIT\u00c4T <\/strong><i>(Synonyme: \u00fcbergreifend, ganzheitlich)<\/i><\/p>\n<p>Wir m\u00f6chten eine Veranstaltung kreieren, die ohne Vorurteile Menschen mit unterschiedlichen Hintergr\u00fcnden, \u00dcberzeugungen und Lebensweisen willkommen hei\u00dft und sich ganz auf den Gemeinschaftsaspekt konzentriert.<\/p>\n<p>&nbsp;[\/vc_column_text][\/vc_column][\/mk_page_section][mk_page_section bg_color=&#8220;#d3e2e2&#8243; padding_top=&#8220;100&#8243; padding_bottom=&#8220;100&#8243; sidebar=&#8220;sidebar-1&#8243;][vc_column][vc_tta_accordion style=&#8220;outline&#8220; color=&#8220;black&#8220; spacing=&#8220;5&#8243; c_align=&#8220;center&#8220; c_icon=&#8220;chevron&#8220; active_section=&#8220;0&#8243; no_fill=&#8220;true&#8220;][vc_tta_section title=&#8220;Lest \u00fcber unsere Philosophie&#8220; tab_id=&#8220;philosophy&#8220;][mk_fancy_title size=&#8220;24&#8243; font_family=&#8220;none&#8220;]Philosophie[\/mk_fancy_title][mk_fancy_title tag_name=&#8220;span&#8220; font_family=&#8220;none&#8220;]U-NITE ist eine Veranstaltung, an der Menschen mit unterschiedlichem Hintergrund, Glauben, ethnischer Gruppe, sexueller Orientierung, &#8230; teilnehmen k\u00f6nnen.<\/p>\n<p>Es ist vielleicht etwas unerwartet und ungew\u00f6hnlich, dass eine solche Vision von Menschen kommt, die an Christus glauben. 80% des Teams kommen aus verschiedenen christlichen Hintergr\u00fcnden. Sie verstehen das Evangelium als Botschaft der Liebe und Integration, nicht der Exklusivit\u00e4t.<\/p>\n<p>Jedes Teammitglied glaubt au\u00dferdem daran, dass Kunst eine Ausdrucksform unseres Glaubens sein kann und dass Kunst dar\u00fcber hinaus dazu gebraucht werden kann, eine Br\u00fccke zwischen Menschen mit unterschiedlichen Hintergr\u00fcnden zu bauen. Wir m\u00f6chten offen sein, weil wir davon \u00fcberzeugt sind, dass wir voneinander lernen k\u00f6nnen.<\/p>\n<p>&nbsp;<\/p>\n<p>Es h\u00e4ngt nicht von deinem Glauben ab, ob du bei uns Teammitglied werden kannst, sondern davon, ob du dich mit unserer Philosophie und unserer Vision identifizieren kannst.[\/mk_fancy_title][\/vc_tta_section][\/vc_tta_accordion][\/vc_column][\/mk_page_section][mk_page_section bg_image=&#8220;https:\/\/www.u-nite.be\/wordpress\/wp-content\/uploads\/2018\/02\/unite-mask.jpg&#8220; bg_position=&#8220;center center&#8220; bg_stretch=&#8220;true&#8220; enable_3d=&#8220;true&#8220; video_mask=&#8220;true&#8220; video_color_mask=&#8220;#000000&#8243; padding_top=&#8220;100&#8243; padding_bottom=&#8220;100&#8243; sidebar=&#8220;sidebar-1&#8243;][vc_column][vc_tta_accordion style=&#8220;outline&#8220; color=&#8220;white&#8220; spacing=&#8220;5&#8243; c_align=&#8220;center&#8220; c_icon=&#8220;chevron&#8220; active_section=&#8220;0&#8243; no_fill=&#8220;true&#8220;][vc_tta_section title=&#8220;Lest mehr \u00fcber unsere Mission&#8220; tab_id=&#8220;philosophy&#8220;][mk_fancy_title size=&#8220;24&#8243; font_family=&#8220;none&#8220;]Mission[\/mk_fancy_title][mk_fancy_title tag_name=&#8220;span&#8220; color=&#8220;#ffffff&#8220; font_family=&#8220;none&#8220;]Das wichtigste Ziel dieser Veranstaltung ist, Menschen aus den verschiedenen Sprachregionen Belgiens f\u00fcr ein Wochenende voller Einheit und Kreativit\u00e4t zusammenzubringen. Es war wichtig f\u00fcr uns, einen Ort zu finden, der nah an der Sprachgrenze Belgiens liegt. Nachdem wir ein Jahr gesucht hatten, haben wir den perfekten Platz gefunden: \u201eDe Kluis\u201c in Sint-Joris-Weert, das genau auf der Sprachgrenze liegt!<\/p>\n<p>&nbsp;<\/p>\n<p><strong>EINHEIT <i>(synonyme: Eintracht, Harmonie, Identit\u00e4t, Solidarit\u00e4t)<\/i><\/strong><\/p>\n<p>Eine Veranstaltung, die ein ganzes Wochenende l\u00e4uft, anstatt nur an einem Tag, gibt den Teilnehmern, die aus Belgien und von weiter weg kommen, viele Gelegenheiten einander kennenzulernen, w\u00e4hrend sie campen, essen, tanzen, Workshops besuchen, feiern und eine gute Zeit zusammen haben. Wir sind davon \u00fcberzeugt, dass es Frucht bringt, wenn Menschen mit verschiedenen Konfessionen und \u00dcberzeugungen zusammenkommen. Neue Beziehungen werden eingegangen, Br\u00fccken werden gebaut und man versteht den anderen und seinen Glauben besser. Wir glauben offen an Jesus Christus. Jeder ist eingeladen, uns als Partner beim Organisieren dieses Events zu helfen.<\/p>\n<p><strong>KREATIVIT\u00c4T <i>(Synonyme: Vorstellungskraft, Inspiration, Originalit\u00e4t)<\/i><\/strong><\/p>\n<p>Die Kunst ist die Sprache der Kultur von heute und K\u00fcnstler gestalten diese Kultur. Durch verschiedene Arten k\u00fcnstlerischen Ausdrucks k\u00f6nnen Menschen aus verschiedenen Religionen und mit unterschiedlichen Hintergr\u00fcnden auf gleichem Raum zusammenkommen. Wir glauben, dass Einheit entsteht, wo Menschen zusammen kreativ sind, sei es durch Fotografie, Tanz, Theater, Malen, Musik etc. Das bedeutet, dass U-Nite ihr Event wird, wenn sie mitmachen und ihre eigenen, einzigartigen Ausdrucksformen und Gaben beisteuern.<\/p>\n<p><strong>INKLUSIVIT\u00c4T <i>(Synonyme: \u00fcbergreifend, ganzheitlich)<\/i><\/strong><\/p>\n<p>Wir m\u00f6chten eine Veranstaltung kreieren, die ohne Vorurteile Menschen mit unterschiedlichen Hintergr\u00fcnden, \u00dcberzeugungen und Lebensweisen willkommen hei\u00dft und sich ganz auf den Gemeinschaftsaspekt konzentriert. Auch wenn wir offen mit unserem Glauben an Jesus Christus umgehen, weisen wir Menschen aus anderen Glaubensrichtungen nicht ab oder verurteilen sie. Wir m\u00f6chten vielmehr eine Plattform schaffen, auf der wir alle in der Sprache unserer heutigen Kultur kommunizieren k\u00f6nnen: der kreativen K\u00fcnste.<\/p>\n<p><strong>FAZIT:<\/strong><\/p>\n<p><strong>Kreativit\u00e4t + Inklusivit\u00e4t = Einheit<\/strong><\/p>\n<p>Wir glauben, dass wir einen starken, positiven Einfluss auf die Einheit in Belgien haben k\u00f6nnen, wenn wir die oben genannten Ziele durch den Einsatz von kreativen K\u00fcnsten w\u00e4hrend dieser Wochenendveranstaltung verfolgen. Vers\u00f6hnung und Heilung einer gespaltenen Nation beginnen auf einem starken Fundament aus guten Beziehungen und einem besseren Verst\u00e4ndnis f\u00fcr unsere Mitmenschen.[\/mk_fancy_title][\/vc_tta_section][\/vc_tta_accordion][\/vc_column][\/mk_page_section][vc_row css=&#8220;.vc_custom_1517590918590{padding-top: 100px !important;padding-bottom: 100px !important;}&#8220;][vc_column][mk_fancy_title size=&#8220;24&#8243; font_family=&#8220;none&#8220; align=&#8220;center&#8220;]Geschichte[\/mk_fancy_title][vc_column_text css=&#8220;.vc_custom_1517590958421{margin-bottom: 0px !important;}&#8220;]Kommt bald&#8230;[\/vc_column_text][\/vc_column][\/vc_row]\n<\/div>","protected":false},"excerpt":{"rendered":"<p>[mk_page_section layout_structure=&#8220;half_left&#8220; bg_image=&#8220;https:\/\/www.u-nite.be\/wordpress\/wp-content\/uploads\/2018\/02\/unite-6.jpg&#8220; bg_stretch=&#8220;true&#8220; full_width=&#8220;true&#8220; padding_top=&#8220;100&#8243; padding_bottom=&#8220;100&#8243;][vc_column][mk_fancy_title size=&#8220;24&#8243; font_family=&#8220;none&#8220;]Vision[\/mk_fancy_title][vc_column_text css=&#8220;.vc_custom_1548933617513{margin-bottom: 0px !important;}&#8220;]Vision Das wichtigste Ziel dieser Veranstaltung ist, Menschen aus den verschiedenen Sprachregionen Belgiens f\u00fcr ein Wochenende voller Einheit und [&hellip;]<\/p>\n","protected":false},"author":2,"featured_media":0,"parent":0,"menu_order":3,"comment_status":"closed","ping_status":"closed","template":"","meta":{"footnotes":""},"class_list":["post-4019","page","type-page","status-publish","hentry"],"_links":{"self":[{"href":"https:\/\/www.u-nite.be\/de\/wp-json\/wp\/v2\/pages\/4019","targetHints":{"allow":["GET"]}}],"collection":[{"href":"https:\/\/www.u-nite.be\/de\/wp-json\/wp\/v2\/pages"}],"about":[{"href":"https:\/\/www.u-nite.be\/de\/wp-json\/wp\/v2\/types\/page"}],"author":[{"embeddable":true,"href":"https:\/\/www.u-nite.be\/de\/wp-json\/wp\/v2\/users\/2"}],"replies":[{"embeddable":true,"href":"https:\/\/www.u-nite.be\/de\/wp-json\/wp\/v2\/comments?post=4019"}],"version-history":[{"count":16,"href":"https:\/\/www.u-nite.be\/de\/wp-json\/wp\/v2\/pages\/4019\/revisions"}],"predecessor-version":[{"id":5458,"href":"https:\/\/www.u-nite.be\/de\/wp-json\/wp\/v2\/pages\/4019\/revisions\/5458"}],"wp:attachment":[{"href":"https:\/\/www.u-nite.be\/de\/wp-json\/wp\/v2\/media?parent=4019"}],"curies":[{"name":"wp","href":"https:\/\/api.w.org\/{rel}","templated":true}]}}

Über uns

<div class="wpb-content-wrapper">[mk_page_section layout_structure=&#8220;half_left&#8220; bg_image=&#8220;https://www.u-nite.be/wordpress/wp-content/uploads/2018/02/unite-6.jpg&#8220; bg_stretch=&#8220;true&#8220; full_width=&#8220;true&#8220; padding_top=&#8220;100&#8243; padding_bottom=&#8220;100&#8243;][vc_column][mk_fancy_title size=&#8220;24&#8243; font_family=&#8220;none&#8220;]Vision[/mk_fancy_title][vc_column_text css=&#8220;.vc_custom_1548933617513{margin-bottom: 0px !important;}&#8220;]<strong>Vision</strong></p>
<p>Das wichtigste Ziel dieser Veranstaltung ist, Menschen aus den verschiedenen Sprachregionen Belgiens für ein Wochenende voller Einheit und Kreativität zusammenzubringen.</p>
<p><strong>EINHEIT </strong><i>(synonyme: Eintracht, Harmonie, Identität, Solidarität)</i></p>
<p>Dies ist ein viertägiges Event, bei dem Menschen aus ganz Belgien und darüber hinaus zusammenkommen, um zu campen, zu essen, zu tanzen, Workshops zu besuchen, zu feiern und eine gute Zeit zusammen zu haben.</p>
<p><strong>KREATIVITÄT </strong><i>(Synonyme: Vorstellungskraft, Inspiration, Originalität)</i></p>
<p>Wir möchten Raum geben für jede Art von künstlerischer Ausdrucksweise und dass jeder die Veranstaltung aktiv mitgestalten kann. Wir bieten verschiedene Workshops an, in denen Talente entdeckt und verbessert werden können.</p>
<p><strong>INKLUSIVITÄT </strong><i>(Synonyme: übergreifend, ganzheitlich)</i></p>
<p>Wir möchten eine Veranstaltung kreieren, die ohne Vorurteile Menschen mit unterschiedlichen Hintergründen, Überzeugungen und Lebensweisen willkommen heißt und sich ganz auf den Gemeinschaftsaspekt konzentriert.</p>
<p>&nbsp;[/vc_column_text][/vc_column][/mk_page_section][mk_page_section bg_color=&#8220;#d3e2e2&#8243; padding_top=&#8220;100&#8243; padding_bottom=&#8220;100&#8243; sidebar=&#8220;sidebar-1&#8243;][vc_column][vc_tta_accordion style=&#8220;outline&#8220; color=&#8220;black&#8220; spacing=&#8220;5&#8243; c_align=&#8220;center&#8220; c_icon=&#8220;chevron&#8220; active_section=&#8220;0&#8243; no_fill=&#8220;true&#8220;][vc_tta_section title=&#8220;Lest über unsere Philosophie&#8220; tab_id=&#8220;philosophy&#8220;][mk_fancy_title size=&#8220;24&#8243; font_family=&#8220;none&#8220;]Philosophie[/mk_fancy_title][mk_fancy_title tag_name=&#8220;span&#8220; font_family=&#8220;none&#8220;]U-NITE ist eine Veranstaltung, an der Menschen mit unterschiedlichem Hintergrund, Glauben, ethnischer Gruppe, sexueller Orientierung, &#8230; teilnehmen können.</p>
<p>Es ist vielleicht etwas unerwartet und ungewöhnlich, dass eine solche Vision von Menschen kommt, die an Christus glauben. 80% des Teams kommen aus verschiedenen christlichen Hintergründen. Sie verstehen das Evangelium als Botschaft der Liebe und Integration, nicht der Exklusivität.</p>
<p>Jedes Teammitglied glaubt außerdem daran, dass Kunst eine Ausdrucksform unseres Glaubens sein kann und dass Kunst darüber hinaus dazu gebraucht werden kann, eine Brücke zwischen Menschen mit unterschiedlichen Hintergründen zu bauen. Wir möchten offen sein, weil wir davon überzeugt sind, dass wir voneinander lernen können.</p>
<p>&nbsp;</p>
<p>Es hängt nicht von deinem Glauben ab, ob du bei uns Teammitglied werden kannst, sondern davon, ob du dich mit unserer Philosophie und unserer Vision identifizieren kannst.[/mk_fancy_title][/vc_tta_section][/vc_tta_accordion][/vc_column][/mk_page_section][mk_page_section bg_image=&#8220;https://www.u-nite.be/wordpress/wp-content/uploads/2018/02/unite-mask.jpg&#8220; bg_position=&#8220;center center&#8220; bg_stretch=&#8220;true&#8220; enable_3d=&#8220;true&#8220; video_mask=&#8220;true&#8220; video_color_mask=&#8220;#000000&#8243; padding_top=&#8220;100&#8243; padding_bottom=&#8220;100&#8243; sidebar=&#8220;sidebar-1&#8243;][vc_column][vc_tta_accordion style=&#8220;outline&#8220; color=&#8220;white&#8220; spacing=&#8220;5&#8243; c_align=&#8220;center&#8220; c_icon=&#8220;chevron&#8220; active_section=&#8220;0&#8243; no_fill=&#8220;true&#8220;][vc_tta_section title=&#8220;Lest mehr über unsere Mission&#8220; tab_id=&#8220;philosophy&#8220;][mk_fancy_title size=&#8220;24&#8243; font_family=&#8220;none&#8220;]Mission[/mk_fancy_title][mk_fancy_title tag_name=&#8220;span&#8220; color=&#8220;#ffffff&#8220; font_family=&#8220;none&#8220;]Das wichtigste Ziel dieser Veranstaltung ist, Menschen aus den verschiedenen Sprachregionen Belgiens für ein Wochenende voller Einheit und Kreativität zusammenzubringen. Es war wichtig für uns, einen Ort zu finden, der nah an der Sprachgrenze Belgiens liegt. Nachdem wir ein Jahr gesucht hatten, haben wir den perfekten Platz gefunden: „De Kluis“ in Sint-Joris-Weert, das genau auf der Sprachgrenze liegt!</p>
<p>&nbsp;</p>
<p><strong>EINHEIT <i>(synonyme: Eintracht, Harmonie, Identität, Solidarität)</i></strong></p>
<p>Eine Veranstaltung, die ein ganzes Wochenende läuft, anstatt nur an einem Tag, gibt den Teilnehmern, die aus Belgien und von weiter weg kommen, viele Gelegenheiten einander kennenzulernen, während sie campen, essen, tanzen, Workshops besuchen, feiern und eine gute Zeit zusammen haben. Wir sind davon überzeugt, dass es Frucht bringt, wenn Menschen mit verschiedenen Konfessionen und Überzeugungen zusammenkommen. Neue Beziehungen werden eingegangen, Brücken werden gebaut und man versteht den anderen und seinen Glauben besser. Wir glauben offen an Jesus Christus. Jeder ist eingeladen, uns als Partner beim Organisieren dieses Events zu helfen.</p>
<p><strong>KREATIVITÄT <i>(Synonyme: Vorstellungskraft, Inspiration, Originalität)</i></strong></p>
<p>Die Kunst ist die Sprache der Kultur von heute und Künstler gestalten diese Kultur. Durch verschiedene Arten künstlerischen Ausdrucks können Menschen aus verschiedenen Religionen und mit unterschiedlichen Hintergründen auf gleichem Raum zusammenkommen. Wir glauben, dass Einheit entsteht, wo Menschen zusammen kreativ sind, sei es durch Fotografie, Tanz, Theater, Malen, Musik etc. Das bedeutet, dass U-Nite ihr Event wird, wenn sie mitmachen und ihre eigenen, einzigartigen Ausdrucksformen und Gaben beisteuern.</p>
<p><strong>INKLUSIVITÄT <i>(Synonyme: übergreifend, ganzheitlich)</i></strong></p>
<p>Wir möchten eine Veranstaltung kreieren, die ohne Vorurteile Menschen mit unterschiedlichen Hintergründen, Überzeugungen und Lebensweisen willkommen heißt und sich ganz auf den Gemeinschaftsaspekt konzentriert. Auch wenn wir offen mit unserem Glauben an Jesus Christus umgehen, weisen wir Menschen aus anderen Glaubensrichtungen nicht ab oder verurteilen sie. Wir möchten vielmehr eine Plattform schaffen, auf der wir alle in der Sprache unserer heutigen Kultur kommunizieren können: der kreativen Künste.</p>
<p><strong>FAZIT:</strong></p>
<p><strong>Kreativität + Inklusivität = Einheit</strong></p>
<p>Wir glauben, dass wir einen starken, positiven Einfluss auf die Einheit in Belgien haben können, wenn wir die oben genannten Ziele durch den Einsatz von kreativen Künsten während dieser Wochenendveranstaltung verfolgen. Versöhnung und Heilung einer gespaltenen Nation beginnen auf einem starken Fundament aus guten Beziehungen und einem besseren Verständnis für unsere Mitmenschen.[/mk_fancy_title][/vc_tta_section][/vc_tta_accordion][/vc_column][/mk_page_section][vc_row css=&#8220;.vc_custom_1517590918590{padding-top: 100px !important;padding-bottom: 100px !important;}&#8220;][vc_column][mk_fancy_title size=&#8220;24&#8243; font_family=&#8220;none&#8220; align=&#8220;center&#8220;]Geschichte[/mk_fancy_title][vc_column_text css=&#8220;.vc_custom_1517590958421{margin-bottom: 0px !important;}&#8220;]Kommt bald&#8230;[/vc_column_text][/vc_column][/vc_row]
</div>

<p>[mk_page_section layout_structure=&#8220;half_left&#8220; bg_image=&#8220;https://www.u-nite.be/wordpress/wp-content/uploads/2018/02/unite-6.jpg&#8220; bg_stretch=&#8220;true&#8220; full_width=&#8220;true&#8220; padding_top=&#8220;100&#8243; padding_bottom=&#8220;100&#8243;][vc_column][mk_fancy_title size=&#8220;24&#8243; font_family=&#8220;none&#8220;]Vision[/mk_fancy_title][vc_column_text css=&#8220;.vc_custom_1548933617513{margin-bottom: 0px !important;}&#8220;]Vision Das wichtigste Ziel dieser Veranstaltung ist, Menschen aus den verschiedenen Sprachregionen Belgiens für ein Wochenende voller Einheit und [&hellip;]</p>
